ivisor of 60 and l.
15
Suppose 381*l = 383*l - 2100. Calculate the greatest common divisor of 15 and l.
15
Let q(z) = -275*z - 1039. Let y be q(-6). What is the greatest common factor of y and 141?
47
Suppose 4*h + h + 5 = 0. Let o = 16 - h. What is the highest common factor of o and 17?
17
Suppose n = -4*c + 31, -2*c = -5*c + 2*n + 26. Suppose -3*o + 2 = -4. Suppose -o*q - 10 + 40 = a, 3*a - q = 55. What is the greatest common divisor of c and a?
4
Let p(t) = 113*t - 29. Let v be p(9). What is the highest common factor of 228 and v?
76
Suppose 0*l = -2*j - l + 137, 2*j - 3*l = 117. What is the greatest common divisor of j and 165?
33
Let x be (((-7293)/6)/(-17))/((-1)/(-2)). Calculate the highest common divisor of x and 52.
13
Let k(j) = j**2 + 3*j. Let b(s) = -s**3 + 11*s**2 + 11*s + 2. Let x be b(12). Let t be k(x). Calculate the greatest common divisor of t and 28.
14
Suppose 3*z - 4*z = -13. Suppose 2*o - 5 - z = 0. Suppose -2*n + 3*n = 3. Calculate the highest common divisor of o and n.
3
Suppose -11 = -5*q + 5*g + 4, 0 = 4*q - 2*g - 20. Suppose 3*u + 18 + 8 = 2*s, -5*u = -3*s + 41. What is the greatest common factor of q and s?
7
Let f(v) = 5*v**2 - 10*v + 13. Let d be f(2). Calculate the highest common factor of 351 and d.
13
Let o(k) = 6*k - 1. Let p be o(1). Suppose -p*b + 65 = -35. Let q = -37 + 45. Calculate the greatest common factor of b and q.
4
Suppose 9 + 7 = 5*f - 3*l, 2 = -2*f - 3*l. Suppose -f*i + 65 = 3*w, i + 5*w - 150 = -4*i. What is the highest common factor of i and 125?
25
Suppose b - 1 = 2, -5*b - 1155 = -5*z. Calculate the highest common divisor of z and 780.
78
Let f = -113 - -159. Suppose -2*h + 3*c + 8 = -2*c, c - f = -3*h. What is the greatest common divisor of h and 42?
14
Let d be 0 - (-81 - 20/5). Suppose -5*r + d = 5*o, -4*r + 32 = o + 6. What is the greatest common factor of o and 56?
14
Let z(h) = 3*h**2 - 3*h + 9. Let c be z(4). Suppose 0 = -3*k - 0*k - 4*q - 20, -5*k + 2*q = 42. Let v = 1 - k. What is the greatest common divisor of v and c?
9
Let q = -15005 - -15008. Suppose -2*d = -0*d - 6. Calculate the highest common divisor of q and d.
3
Suppose 0 = -2*i - f + 31, -4*i + 53 = -f - 0*f. Suppose -3*q + 4*t = i - 111, 2*q + 3*t = 42. Let x = 72 - q. Calculate the greatest common factor of x and 9.
9
Suppose -5*p = 18*k - 17*k - 24, k - p = 24. Calculate the greatest common factor of k and 84.
12
Let j be (-41)/(-2) - 2/(-4). Suppose -3*y = -j - 96. Suppose 0 = -2*t + 3 + y. What is the highest common divisor of 105 and t?
21
Let i(z) = -2*z**3 - 16*z**2 + 10*z - 14. Let m be i(-9). Calculate the greatest common factor of m and 1566.
58
Suppose 3*d + 2*u = 4*u + 38, 0 = 3*d + 5*u - 10. Let q = -3 + d. Let l be 5 + (-2268)/(-105) + 21/15. What is the greatest common divisor of l and q?
7
Let h = 17 - -18. Let n = -32 + h. Calculate the greatest common factor of n and 24.
3
Let p be -1 + 0 + 1*29. Let l(s) = -286*s + 579. Let m be l(2). What is the greatest common divisor of p and m?
7
Suppose -2*x + 146 = 4*y, -5*y + 0*x = -x - 165. Calculate the highest common divisor of y and 4.
2
Let a(t) = -3*t - 58. Let w be a(-20). Suppose u = i - 237, -5*i = 3*u - w*u - 1167. What is the greatest common divisor of i and 26?
26
Suppose -2*s + 133 + 5 = 0. Calculate the highest common factor of s and 69.
69
Suppose -5*x + 2 = -13. Suppose x*s - 5*v - 47 = 0, -5*s - 4*v = -0*v - 140. What is the greatest common factor of s and 72?
24
Let s = 808 + 160. What is the highest common divisor of s and 44?
44
Let m be (-1116)/(-14) + 5*(-16)/(-280). Calculate the highest common factor of m and 880.
80
Let r be 560/30*-3*-2. What is the greatest common factor of r and 64?
16
Let t be -10 + 3 - -5 - (1 + -33). What is the greatest common factor of 150 and t?
30
Suppose -259 - 611 = -10*o. What is the highest common divisor of 116 and o?
29
Let p(i) be the first derivative of 3*i**2/2 + 2*i - 9. Let k be p(-6). Let j = -2 - k. Calculate the highest common divisor of j and 112.
14
Suppose -305 = -2*p + 11. Let v be (-4)/(-18) + p/18. Suppose 0 = 5*g - 2*f - 352, 3*f = 4*g - 2*f - 268. What is the highest common divisor of v and g?
9
Suppose 0 = 3*t - 12, -13*t + 18*t + 250 = 2*d. Calculate the greatest common factor of 15 and d.
15
Suppose 5 = -g - 4*g. Let o be 107 - (g + (-6)/3). Let z = -4 - -14. Calculate the greatest common divisor of z and o.
10
Suppose -88 = -o + 174. Let m = -102 + o. Suppose 3 = p, -5*l - 4*p = -22 - m. What is the greatest common divisor of 51 and l?
17
Suppose -80 = -2*p + 7*p. Let r = 38 + p. Calculate the highest common factor of r and 33.
11
Suppose 0*r - r + 21 = 4*s, 0 = -3*s - r + 16. Suppose 47 = s*x - 48. Calculate the greatest common divisor of x and 171.
19
Let o(y) = -14*y - 250. Let t be o(-27). What is the greatest common divisor of t and 608?
32
Suppose 4 = 4*x, -4*w + 2*x + 2 + 0 = 0. Suppose 13 - w = t. Let c be (t/(-5))/((-3)/70). What is the highest common divisor of c and 14?
14
Let f be 5*(24/2 + (-5 - -1)). Calculate the highest common divisor of f and 760.
40
Let h(u) = -2*u + 38. Let g be h(7). Let k = 253 + -157. Calculate the greatest common divisor of g and k.
24
Let h(k) = -k**3 + 10*k**2 - 11*k - 18. Let f be h(7). What is the highest common factor of f and 234?
26
Let s be ((-4)/(-2) + -3)*-7. Let h = 47 + -41. Let r(m) = m**2 + 7*m - 1. Let k be r(h). What is the highest common divisor of s and k?
7
Let p be ((-1)/(-3))/((-3)/(-36)). Suppose k = -p*k - 100. Let x = k - -29. Calculate the greatest common factor of x and 6.
3
Suppose 13 = 7*f - 36. Let a be 147/(-9) - (-2)/(-3). Let y = a - -80. Calculate the highest common divisor of y and f.
7
Let q(c) = 0 + 0 - 1 - 25*c. Let y be q(-1). Suppose 4*f + 2*f - 96 = 0. What is the greatest common factor of y and f?
8
Suppose 0 = -5*u - 102 - 183. Let x be (38/u)/(2/(-6)). Suppose 2*z = -6, 4*z - 30 = -x*k - k. What is the highest common divisor of k and 126?
14
Suppose 3*f - 1494 = -2*l, 3004 = 6*l - 2*l - 2*f. Calculate the greatest common factor of 30 and l.
30
Let o be -24*-1*9/(-12). Let x be (3/9)/(2/348). Let q = o + x. What is the greatest common divisor of q and 10?
10
Let o(t) = t**3 - 7*t**2 + 7*t + 1. Let a be o(6). Let g = a - 5. Let u be (1 + 2 + -1)*g. What is the greatest common factor of u and 44?
4
Let a = -142 + 259. Let h be 1*(26 - (2 - 2)). Calculate the highest common divisor of h and a.
13
Let v be (-1)/4 - (-18)/72. Suppose -r - 4*r + 290 = v. Calculate the highest common factor of 87 and r.
29
Let f(p) = -40*p + 28. Let u be f(-7). What is the greatest common factor of 28 and u?
28
Let c be ((-8)/10)/(4/(-10)). Suppose 25 = -7*r + c*r. Let m(b) = -5*b + 2. Let s be m(r). Calculate the highest common factor of s and 9.
9
Let u be -2 - (15/(-5) + 4). Let k be (-87)/(-21) - u/(-21). Suppose -t - 528 = -k*t. Calculate the highest common factor of t and 16.
16
Let o = 53 + -31. Suppose -2*b = b - t - o, -24 = -4*b + 4*t. What is the greatest common divisor of 8 and b?
8
Let a be 2 - ((-6)/2 + 4). Let n be ((-8)/10)/(a/(-25)). Suppose 7 = o + 2, -50 = -2*i - 2*o. What is the highest common factor of i and n?
20
Suppose 2*z + 0*z = 40. Let k(x) = 7*x - 42. Let g be k(9). Suppose -16*h - 25 = -g*h. What is the highest common divisor of z and h?
5
Let j = 1100 - 709. Calculate the greatest common divisor of 17 and j.
17
Let r(i) be the second derivative of i**3/3 + 12*i**2 + i. Suppose 11*b - b = 0. Let t be r(b). Calculate the greatest common divisor of 4 and t.
4
Suppose 0 = -r - 0*r + 32. Let j = -24 + r. What is the greatest common factor of j and 4?
4
Let f(d) be the third derivative of d**5/12 + d**4/6 + 4*d**2. Let m be f(-3). Suppose -15 = -3*q + m. Calculate the greatest common factor of q and 48.
16
Suppose -9*a = -23*a + 364. Calculate the greatest common divisor of a and 650.
26
Let c(t) = 10*t**2 + 10*t**2 + 6*t**2 + 62 + 17*t - 25*t**2. Let i be c(-12). Calculate the greatest common factor of 2 and i.
2
Let y = 33 - -1187. Calculate the greatest common divisor of y and 20.
20
Let w be (-501)/33 - (-8)/44. Suppose 5*c = 4*r + 205, 164 = 4*c - 0*c - r. Let k = c + w. Calculate the greatest common factor of k and 65.
13
Let d be (-303)/(-12) + -1 + -12 + 765/60. Suppose 125 = 4*r + r - 5*c, 0 =